{"id":10083,"date":"2025-03-08T13:58:33","date_gmt":"2025-03-08T16:58:33","guid":{"rendered":"https:\/\/folhaespirita.com.br.br\/?p=1396"},"modified":"2026-01-17T16:44:42","modified_gmt":"2026-01-17T19:44:42","slug":"marco-espirita-reflexoes-e-marcos-historicos-da-doutrina-no-brasil-e-no-mundo","status":"publish","type":"publicacao","link":"https:\/\/folhaespirita.com.br\/en\/publicacao\/marco-espirita-reflexoes-e-marcos-historicos-da-doutrina-no-brasil-e-no-mundo\/","title":{"rendered":"Spiritist March: Reflections and historical milestones of the doctrine in Brazil and around the world."},"content":{"rendered":"<figure class=\"wp-block-post-featured-image\"><img fetchpriority=\"high\" decoding=\"async\" width=\"718\" height=\"464\" src=\"https:\/\/folhaespirita.com.br\/wp-content\/uploads\/2025\/03\/Marco-Espirita-Reflexoes-e-marcos-historicos-da-doutrina-no-Brasil-e-no-mundo.jpeg\" class=\"attachment-post-thumbnail size-post-thumbnail wp-post-image\" alt=\"Mar\u00e7o Esp\u00edrita: Reflex\u00f5es e marcos hist\u00f3ricos da doutrina no Brasil e no mundo.\" style=\"object-fit:cover;\" srcset=\"https:\/\/folhaespirita.com.br\/wp-content\/uploads\/2025\/03\/Marco-Espirita-Reflexoes-e-marcos-historicos-da-doutrina-no-Brasil-e-no-mundo.jpeg 718w, https:\/\/folhaespirita.com.br\/wp-content\/uploads\/2025\/03\/Marco-Espirita-Reflexoes-e-marcos-historicos-da-doutrina-no-Brasil-e-no-mundo-300x194.jpeg 300w\" sizes=\"(max-width: 718px) 100vw, 718px\" \/><\/figure>\n\n\n<p>The month of March brings with it a series of important events in the history of Spiritism in Brazil and around the world. These are dates that not only record events from the past, but also help us to understand the evolution of the Doctrine, its philosophical foundations and the efforts of those who dedicated their lives to spreading Spiritist teachings.<\/p>\n\n\n\n<p>Unlike traditional commemorative dates, events related to Spiritism are not about paying homage, but rather about reflection and learning. Each of these milestones represents a step along the path of the Doctrine, whether through the birth and death of great personalities, the founding of important institutions or the publication of works that have contributed to the spread of Spiritist knowledge.<\/p>\n\n\n\n<p>In this article, we explore some of the main spiritist events in March, remembering names such as Allan Kardec, Gabriel Delanne, Jos\u00e9 Herculano Pires, Yvonne do Amaral Pereira, among others, who left a fundamental legacy for all those who seek to understand and live the spiritist teachings.<\/p>\n\n\n\n<figure class=\"wp-block-table\"><table class=\"has-fixed-layout\"><tbody><tr><td><strong>Date<\/strong><\/td><td><strong>Events<\/strong><\/td><\/tr><tr><td>04\/03\/1858<\/td><td>The magnetizer and researcher of paranormal phenomena, Bento Mure, dies; he was also the introducer of Homeopathy in Brazil.<\/td><\/tr><tr><td>05\/03\/1815<\/td><td>Mesmer, Franz Anton, doctor and magnetizer, father of Mesmerism, dies.<\/td><\/tr><tr><td>05\/03\/1939<\/td><td>Foundation of the Bezerra de Menezes Spiritist Center, in Rio de Janeiro (RJ), with Professor Arnaldo Claro de S. Thiago as its founder and first president.<\/td><\/tr><tr><td>06\/03\/1921<\/td><td>The Gr\u00eamio Esp\u00edrita Nazareno starts Evangelization for Children, organized by Vianna de Carvalho, Moreira Guimar\u00e3es and Luiz de Oliveira.<\/td><\/tr><tr><td>07\/03\/1937<\/td><td>Founding of the Alian\u00e7a Esp\u00edrita de Propaganda e Caridade, in S\u00e3o Paulo (SP), with Sebasti\u00e3o Moggi da Fonseca and Luiz Gomes da Silva as founders.<\/td><\/tr><tr><td>08\/03\/1938<\/td><td>Sebasti\u00e3o Paran\u00e1 de S\u00e1, founder of the Spiritist Federation of the State of Paran\u00e1, dies.<\/td><\/tr><tr><td>09\/03\/1979<\/td><td>Date of the death of Jos\u00e9 Herculano Pires, author of several books and translator of Kardec's works.<\/td><\/tr><tr><td>09\/03\/1984<\/td><td>Yvonne do Amaral Pereira dies in Rio de Janeiro.<\/td><\/tr><tr><td>10\/03\/1986<\/td><td>Francisco Klors Werneck, spiritist writer, dies in Rio de Janeiro.<\/td><\/tr><tr><td>11\/03\/1951<\/td><td>One of the organizers of the First Congress of Spiritist Youth in Brazil, Jo\u00e3o Batista Chagas, dies in the city of Niter\u00f3i (RJ).<\/td><\/tr><tr><td>13\/03\/1919<\/td><td>Foundation of the Centro Esp\u00edrita Friburguense, in Nova Friburgo (RJ).<\/td><\/tr><tr><td>14\/03\/1874<\/td><td>English naturalist Alfred Russel Wallace became the first scientist to take a photograph of a materialized spirit.<\/td><\/tr><tr><td>16\/03\/1893<\/td><td>Death of the pioneer of Spiritism in Brazil, Luiz Olimpio Telles Menezes. He founded the Family Group of Spiritism and the newspaper Eco d'Al\u00e9m T\u00famulo.<\/td><\/tr><tr><td>19\/03\/1819<\/td><td>Jos\u00e9 Mar\u00eda Fernandez Colavida, translator of Kardec's works into Spanish, is born. The Brazilian Spiritist Federation publishes A Barqueira do J\u00facar, one of his books.<\/td><\/tr><tr><td>19\/03\/1963<\/td><td>Angelo Watson Campelo, Cairbar Schutel's replacement at O Clarim, dies.<\/td><\/tr><tr><td>21\/03\/1880<\/td><td>Bittencourt Sampaio, Antonio Luiz Say\u00e3o, Frederico Junior, among others, founded the Fraternity Spiritist Group.<\/td><\/tr><tr><td>21\/03\/1945<\/td><td>Death of Frederico Augusto da Silva, one of the founders of the Spiritist Federation of Rio Grande do Sul.<\/td><\/tr><tr><td>22\/03\/1882<\/td><td>Allan Kardec's book Genesis was published in Portuguese for the first time.<\/td><\/tr><tr><td>23\/03\/1857<\/td><td>Gabriel Delanne, the scientist of the Spiritist Codification, is born. The Brazilian Spiritist Federation publishes his books: The Soul is Immortal, Spiritism before Science, Soul Evolution, The Spiritist Phenomenon, Reincarnation.<\/td><\/tr><tr><td>23\/03\/1876<\/td><td>Foundation of the Society of Spiritist Studies God, Christ and Charity, under the inspiration of Ishmael, Spiritual Guide of Brazil.<\/td><\/tr><tr><td>24\/03\/1881<\/td><td>The newspaper Uni\u00e3o e Cren\u00e7a appeared, published in Areias (SP).<\/td><\/tr><tr><td>25\/03\/1856<\/td><td>Allan Kardec learned through a mediumistic communication of the existence of the Spirit of Truth, the mainstay of the codification.<\/td><\/tr><tr><td>25\/03\/1939<\/td><td>Jos\u00e9 Petitinga (Jos\u00e9 Florentino de Sena), founder of the Spiritist Union of Bahia, dies.<\/td><\/tr><tr><td>26\/03\/1964<\/td><td>Antonio Lima dies. As well as translating Kardec's works, he wrote books, with FEB publishing A Caminho do Abismo, Estrada de Damasco, Senda de Espinhos, Vida de Jesus.<\/td><\/tr><tr><td>27\/03\/1896<\/td><td>Alvi\u00e3o appears, a spiritist newspaper published in the city of Taubat\u00e9 (SP).<\/td><\/tr><tr><td>28\/03\/1905<\/td><td>Francisco Klors Werneck, one of the founders of the Spiritist League of Brazil, is born.<\/td><\/tr><tr><td>30\/03\/1969<\/td><td>Death of Sebastian Lasneau. Blind poet, one of the creators of Spirit Week.<\/td><\/tr><tr><td>31\/03\/1869<\/td><td>Allan Kardec, the codifier of the Spiritist Doctrine, dies in Paris of an aneurysm.<\/td><\/tr><tr><td>31\/03\/1870<\/td><td>The Celtic-style funerary monument to receive Allan Kardec's remains is inaugurated in Paris at the P\u00e9re-Lachaise cemetery.<\/td><\/tr><tr><td>31\/03\/1897<\/td><td>Foundation of the Bookshop of the Brazilian Spiritist Federation.<\/td><\/tr><tr><td>31\/03\/1903<\/td><td>Spiritist writer Antonio Luiz Say\u00e3o dies. FEB publishes his work Elucida\u00e7\u00f5es Evang\u00e9licas.<\/td><\/tr><\/tbody><\/table><\/figure>\n\n\n\n<p>Each of these events should not be seen as an isolated event in time, but as part of a continuous process of learning and evolution. Knowledge of the history of Spiritism allows followers to better understand its foundations and follow the development of the Doctrine over the years.<\/p>\n\n\n\n<p>What's more, studying the deeds of those who came before us inspires us to keep going, deepening our studies, practicing charity and strengthening our faith. After all, Spiritism is not a static belief, but a path of constant learning and renewal.<\/p>","protected":false},"excerpt":{"rendered":"<p>O m\u00eas de mar\u00e7o carrega consigo uma s\u00e9rie de acontecimentos importantes para a hist\u00f3ria do Espiritismo no Brasil e no mundo. S\u00e3o datas que n\u00e3o apenas registram fatos do passado, mas que ajudam a compreender a evolu\u00e7\u00e3o da Doutrina, suas bases filos\u00f3ficas e os esfor\u00e7os daqueles que dedicaram suas vidas \u00e0 dissemina\u00e7\u00e3o dos ensinamentos esp\u00edritas. [&hellip;]<\/p>\n","protected":false},"author":84,"featured_media":1397,"comment_status":"open","ping_status":"open","template":"","meta":{"_acf_changed":false,"footnotes":""},"categoria-da-publicacao":[751],"tag-da-publicacao":[],"class_list":["post-10083","publicacao","type-publicacao","status-publish","has-post-thumbnail","hentry","categoria-da-publicacao-sem-categoria"],"acf":[],"_links":{"self":[{"href":"https:\/\/folhaespirita.com.br\/en\/wp-json\/wp\/v2\/publicacao\/10083","targetHints":{"allow":["GET"]}}],"collection":[{"href":"https:\/\/folhaespirita.com.br\/en\/wp-json\/wp\/v2\/publicacao"}],"about":[{"href":"https:\/\/folhaespirita.com.br\/en\/wp-json\/wp\/v2\/types\/publicacao"}],"author":[{"embeddable":true,"href":"https:\/\/folhaespirita.com.br\/en\/wp-json\/wp\/v2\/users\/84"}],"replies":[{"embeddable":true,"href":"https:\/\/folhaespirita.com.br\/en\/wp-json\/wp\/v2\/comments?post=10083"}],"version-history":[{"count":1,"href":"https:\/\/folhaespirita.com.br\/en\/wp-json\/wp\/v2\/publicacao\/10083\/revisions"}],"predecessor-version":[{"id":11666,"href":"https:\/\/folhaespirita.com.br\/en\/wp-json\/wp\/v2\/publicacao\/10083\/revisions\/11666"}],"wp:featuredmedia":[{"embeddable":true,"href":"https:\/\/folhaespirita.com.br\/en\/wp-json\/wp\/v2\/media\/1397"}],"wp:attachment":[{"href":"https:\/\/folhaespirita.com.br\/en\/wp-json\/wp\/v2\/media?parent=10083"}],"wp:term":[{"taxonomy":"categoria-da-publicacao","embeddable":true,"href":"https:\/\/folhaespirita.com.br\/en\/wp-json\/wp\/v2\/categoria-da-publicacao?post=10083"},{"taxonomy":"tag-da-publicacao","embeddable":true,"href":"https:\/\/folhaespirita.com.br\/en\/wp-json\/wp\/v2\/tag-da-publicacao?post=10083"}],"curies":[{"name":"wp","href":"https:\/\/api.w.org\/{rel}","templated":true}]}}

<figure class="wp-block-post-featured-image"><img fetchpriority="high" decoding="async" width="718" height="464" src="https://folhaespirita.com.br/wp-content/uploads/2025/03/Marco-Espirita-Reflexoes-e-marcos-historicos-da-doutrina-no-Brasil-e-no-mundo.jpeg" class="attachment-post-thumbnail size-post-thumbnail wp-post-image" alt="Março Espírita: Reflexões e marcos históricos da doutrina no Brasil e no mundo." style="object-fit:cover;" srcset="https://folhaespirita.com.br/wp-content/uploads/2025/03/Marco-Espirita-Reflexoes-e-marcos-historicos-da-doutrina-no-Brasil-e-no-mundo.jpeg 718w, https://folhaespirita.com.br/wp-content/uploads/2025/03/Marco-Espirita-Reflexoes-e-marcos-historicos-da-doutrina-no-Brasil-e-no-mundo-300x194.jpeg 300w" sizes="(max-width: 718px) 100vw, 718px" /></figure>


<p>The month of March brings with it a series of important events in the history of Spiritism in Brazil and around the world. These are dates that not only record events from the past, but also help us to understand the evolution of the Doctrine, its philosophical foundations and the efforts of those who dedicated their lives to spreading Spiritist teachings.</p>



<p>Unlike traditional commemorative dates, events related to Spiritism are not about paying homage, but rather about reflection and learning. Each of these milestones represents a step along the path of the Doctrine, whether through the birth and death of great personalities, the founding of important institutions or the publication of works that have contributed to the spread of Spiritist knowledge.</p>



<p>In this article, we explore some of the main spiritist events in March, remembering names such as Allan Kardec, Gabriel Delanne, José Herculano Pires, Yvonne do Amaral Pereira, among others, who left a fundamental legacy for all those who seek to understand and live the spiritist teachings.</p>



<figure class="wp-block-table"><table class="has-fixed-layout"><tbody><tr><td><strong>Date</strong></td><td><strong>Events</strong></td></tr><tr><td>04/03/1858</td><td>The magnetizer and researcher of paranormal phenomena, Bento Mure, dies; he was also the introducer of Homeopathy in Brazil.</td></tr><tr><td>05/03/1815</td><td>Mesmer, Franz Anton, doctor and magnetizer, father of Mesmerism, dies.</td></tr><tr><td>05/03/1939</td><td>Foundation of the Bezerra de Menezes Spiritist Center, in Rio de Janeiro (RJ), with Professor Arnaldo Claro de S. Thiago as its founder and first president.</td></tr><tr><td>06/03/1921</td><td>The Grêmio Espírita Nazareno starts Evangelization for Children, organized by Vianna de Carvalho, Moreira Guimarães and Luiz de Oliveira.</td></tr><tr><td>07/03/1937</td><td>Founding of the Aliança Espírita de Propaganda e Caridade, in São Paulo (SP), with Sebastião Moggi da Fonseca and Luiz Gomes da Silva as founders.</td></tr><tr><td>08/03/1938</td><td>Sebastião Paraná de Sá, founder of the Spiritist Federation of the State of Paraná, dies.</td></tr><tr><td>09/03/1979</td><td>Date of the death of José Herculano Pires, author of several books and translator of Kardec's works.</td></tr><tr><td>09/03/1984</td><td>Yvonne do Amaral Pereira dies in Rio de Janeiro.</td></tr><tr><td>10/03/1986</td><td>Francisco Klors Werneck, spiritist writer, dies in Rio de Janeiro.</td></tr><tr><td>11/03/1951</td><td>One of the organizers of the First Congress of Spiritist Youth in Brazil, João Batista Chagas, dies in the city of Niterói (RJ).</td></tr><tr><td>13/03/1919</td><td>Foundation of the Centro Espírita Friburguense, in Nova Friburgo (RJ).</td></tr><tr><td>14/03/1874</td><td>English naturalist Alfred Russel Wallace became the first scientist to take a photograph of a materialized spirit.</td></tr><tr><td>16/03/1893</td><td>Death of the pioneer of Spiritism in Brazil, Luiz Olimpio Telles Menezes. He founded the Family Group of Spiritism and the newspaper Eco d'Além Túmulo.</td></tr><tr><td>19/03/1819</td><td>José María Fernandez Colavida, translator of Kardec's works into Spanish, is born. The Brazilian Spiritist Federation publishes A Barqueira do Júcar, one of his books.</td></tr><tr><td>19/03/1963</td><td>Angelo Watson Campelo, Cairbar Schutel's replacement at O Clarim, dies.</td></tr><tr><td>21/03/1880</td><td>Bittencourt Sampaio, Antonio Luiz Sayão, Frederico Junior, among others, founded the Fraternity Spiritist Group.</td></tr><tr><td>21/03/1945</td><td>Death of Frederico Augusto da Silva, one of the founders of the Spiritist Federation of Rio Grande do Sul.</td></tr><tr><td>22/03/1882</td><td>Allan Kardec's book Genesis was published in Portuguese for the first time.</td></tr><tr><td>23/03/1857</td><td>Gabriel Delanne, the scientist of the Spiritist Codification, is born. The Brazilian Spiritist Federation publishes his books: The Soul is Immortal, Spiritism before Science, Soul Evolution, The Spiritist Phenomenon, Reincarnation.</td></tr><tr><td>23/03/1876</td><td>Foundation of the Society of Spiritist Studies God, Christ and Charity, under the inspiration of Ishmael, Spiritual Guide of Brazil.</td></tr><tr><td>24/03/1881</td><td>The newspaper União e Crença appeared, published in Areias (SP).</td></tr><tr><td>25/03/1856</td><td>Allan Kardec learned through a mediumistic communication of the existence of the Spirit of Truth, the mainstay of the codification.</td></tr><tr><td>25/03/1939</td><td>José Petitinga (José Florentino de Sena), founder of the Spiritist Union of Bahia, dies.</td></tr><tr><td>26/03/1964</td><td>Antonio Lima dies. As well as translating Kardec's works, he wrote books, with FEB publishing A Caminho do Abismo, Estrada de Damasco, Senda de Espinhos, Vida de Jesus.</td></tr><tr><td>27/03/1896</td><td>Alvião appears, a spiritist newspaper published in the city of Taubaté (SP).</td></tr><tr><td>28/03/1905</td><td>Francisco Klors Werneck, one of the founders of the Spiritist League of Brazil, is born.</td></tr><tr><td>30/03/1969</td><td>Death of Sebastian Lasneau. Blind poet, one of the creators of Spirit Week.</td></tr><tr><td>31/03/1869</td><td>Allan Kardec, the codifier of the Spiritist Doctrine, dies in Paris of an aneurysm.</td></tr><tr><td>31/03/1870</td><td>The Celtic-style funerary monument to receive Allan Kardec's remains is inaugurated in Paris at the Pére-Lachaise cemetery.</td></tr><tr><td>31/03/1897</td><td>Foundation of the Bookshop of the Brazilian Spiritist Federation.</td></tr><tr><td>31/03/1903</td><td>Spiritist writer Antonio Luiz Sayão dies. FEB publishes his work Elucidações Evangélicas.</td></tr></tbody></table></figure>



<p>Each of these events should not be seen as an isolated event in time, but as part of a continuous process of learning and evolution. Knowledge of the history of Spiritism allows followers to better understand its foundations and follow the development of the Doctrine over the years.</p>



<p>What's more, studying the deeds of those who came before us inspires us to keep going, deepening our studies, practicing charity and strengthening our faith. After all, Spiritism is not a static belief, but a path of constant learning and renewal.</p>

<p>O mês de março carrega consigo uma série de acontecimentos importantes para a história do Espiritismo no Brasil e no mundo. São datas que não apenas registram fatos do passado, mas que ajudam a compreender a evolução da Doutrina, suas bases filosóficas e os esforços daqueles que dedicaram suas vidas à disseminação dos ensinamentos espíritas. [&hellip;]</p>
