{"id":10096,"date":"2025-12-02T09:37:10","date_gmt":"2025-12-02T12:37:10","guid":{"rendered":"https:\/\/folhaespirita.com.br.br\/?p=1781"},"modified":"2026-01-17T16:44:41","modified_gmt":"2026-01-17T19:44:41","slug":"260-o-espiritismo-e-obra-de-jesus-entrevista-com-lucas-sampaio","status":"publish","type":"publicacao","link":"https:\/\/folhaespirita.com.br\/es\/publicacao\/260-o-espiritismo-e-obra-de-jesus-entrevista-com-lucas-sampaio\/","title":{"rendered":"260 - El Espiritismo es obra de Jes\u00fas - entrevista con Lucas Sampaio"},"content":{"rendered":"<p>Novo epis\u00f3dio no ar!<\/p>\n\n\n\n<p>Poucos pesquisadores se dedicam t\u00e3o profundamente ao resgate da teoria original de Allan Kardec quanto Lucas Sampaio \u2014 advogado, escritor, pesquisador esp\u00edrita e coautor de obras que v\u00eam transformando a forma como entendemos a Doutrina.<\/p>\n\n\n\n<p>Depois de contribuir para a recupera\u00e7\u00e3o hist\u00f3rica de O C\u00e9u e o Inferno (1865), trazendo \u00e0 luz documentos in\u00e9ditos da primeira edi\u00e7\u00e3o de Kardec, Lucas agora integra o grupo de autores do livro &#8220;O Espiritismo \u00e9 Obra de Jesus&#8221;, lan\u00e7ado pela FEAL.<\/p>\n\n\n\n<p>Uma obra que mergulha nos bastidores hist\u00f3ricos e espirituais do nascimento da Doutrina Esp\u00edrita \u2014 e que responde perguntas h\u00e1 muito tempo feitas:<\/p>\n\n\n\n<p>&#8211; Quem foi o Esp\u00edrito da Verdade?<br>&#8211; Qual \u00e9 a rela\u00e7\u00e3o direta de Jesus com o advento do Espiritismo?<br>&#8211; Quem foi Allan Kardec em vidas passadas?<\/p>\n\n\n\n<p>No epis\u00f3dio desta semana, Lucas Sampaio aprofunda essas descobertas e comenta os bastidores da pesquisa<\/p>\n\n\n\n<p>Um podcast imperd\u00edvel para quem deseja compreender o papel de Cristo, a miss\u00e3o de Kardec e os novos rumos da humanidade.<br>\u27a1\ufe0f Escute o epis\u00f3dio completo pelo Spotify.<\/p>\n\n\n\n<figure class=\"wp-block-embed is-type-rich is-provider-spotify wp-block-embed-spotify wp-embed-aspect-21-9 wp-has-aspect-ratio\"><div class=\"wp-block-embed__wrapper\">\n<iframe title=\"Spotify Embed: 260 - O Espiritismo \u00e9 obra de Jesus - entrevista com Lucas Sampaio\" style=\"border-radius: 12px\" width=\"100%\" height=\"152\" frameborder=\"0\" allowfullscreen allow=\"autoplay; clipboard-write; encrypted-media; fullscreen; picture-in-picture\" loading=\"lazy\" src=\"https:\/\/open.spotify.com\/embed\/episode\/60uSDneOjuDFoVvbha5RQr?si=hXMVhJOhROCORxd71lzVVA&amp;utm_source=oembed\"><\/iframe>\n<\/div><\/figure>","protected":false},"excerpt":{"rendered":"<p>Novo epis\u00f3dio no ar! Poucos pesquisadores se dedicam t\u00e3o profundamente ao resgate da teoria original de Allan Kardec quanto Lucas Sampaio \u2014 advogado, escritor, pesquisador esp\u00edrita e coautor de obras que v\u00eam transformando a forma como entendemos a Doutrina. Depois de contribuir para a recupera\u00e7\u00e3o hist\u00f3rica de O C\u00e9u e o Inferno (1865), trazendo \u00e0 [&hellip;]<\/p>\n","protected":false},"author":41,"featured_media":9926,"comment_status":"open","ping_status":"open","template":"","meta":{"_acf_changed":false,"footnotes":""},"categoria-da-publicacao":[748],"tag-da-publicacao":[],"class_list":["post-10096","publicacao","type-publicacao","status-publish","has-post-thumbnail","hentry","categoria-da-publicacao-podcasts"],"acf":[],"_links":{"self":[{"href":"https:\/\/folhaespirita.com.br\/es\/wp-json\/wp\/v2\/publicacao\/10096","targetHints":{"allow":["GET"]}}],"collection":[{"href":"https:\/\/folhaespirita.com.br\/es\/wp-json\/wp\/v2\/publicacao"}],"about":[{"href":"https:\/\/folhaespirita.com.br\/es\/wp-json\/wp\/v2\/types\/publicacao"}],"author":[{"embeddable":true,"href":"https:\/\/folhaespirita.com.br\/es\/wp-json\/wp\/v2\/users\/41"}],"replies":[{"embeddable":true,"href":"https:\/\/folhaespirita.com.br\/es\/wp-json\/wp\/v2\/comments?post=10096"}],"version-history":[{"count":1,"href":"https:\/\/folhaespirita.com.br\/es\/wp-json\/wp\/v2\/publicacao\/10096\/revisions"}],"predecessor-version":[{"id":11643,"href":"https:\/\/folhaespirita.com.br\/es\/wp-json\/wp\/v2\/publicacao\/10096\/revisions\/11643"}],"wp:featuredmedia":[{"embeddable":true,"href":"https:\/\/folhaespirita.com.br\/es\/wp-json\/wp\/v2\/media\/9926"}],"wp:attachment":[{"href":"https:\/\/folhaespirita.com.br\/es\/wp-json\/wp\/v2\/media?parent=10096"}],"wp:term":[{"taxonomy":"categoria-da-publicacao","embeddable":true,"href":"https:\/\/folhaespirita.com.br\/es\/wp-json\/wp\/v2\/categoria-da-publicacao?post=10096"},{"taxonomy":"tag-da-publicacao","embeddable":true,"href":"https:\/\/folhaespirita.com.br\/es\/wp-json\/wp\/v2\/tag-da-publicacao?post=10096"}],"curies":[{"name":"wp","href":"https:\/\/api.w.org\/{rel}","templated":true}]}}

260 - El Espiritismo es obra de Jesús - entrevista con Lucas Sampaio

<p>Novo episódio no ar!</p>



<p>Poucos pesquisadores se dedicam tão profundamente ao resgate da teoria original de Allan Kardec quanto Lucas Sampaio — advogado, escritor, pesquisador espírita e coautor de obras que vêm transformando a forma como entendemos a Doutrina.</p>



<p>Depois de contribuir para a recuperação histórica de O Céu e o Inferno (1865), trazendo à luz documentos inéditos da primeira edição de Kardec, Lucas agora integra o grupo de autores do livro &#8220;O Espiritismo é Obra de Jesus&#8221;, lançado pela FEAL.</p>



<p>Uma obra que mergulha nos bastidores históricos e espirituais do nascimento da Doutrina Espírita — e que responde perguntas há muito tempo feitas:</p>



<p>&#8211; Quem foi o Espírito da Verdade?<br>&#8211; Qual é a relação direta de Jesus com o advento do Espiritismo?<br>&#8211; Quem foi Allan Kardec em vidas passadas?</p>



<p>No episódio desta semana, Lucas Sampaio aprofunda essas descobertas e comenta os bastidores da pesquisa</p>



<p>Um podcast imperdível para quem deseja compreender o papel de Cristo, a missão de Kardec e os novos rumos da humanidade.<br>➡️ Escute o episódio completo pelo Spotify.</p>



<figure class="wp-block-embed is-type-rich is-provider-spotify wp-block-embed-spotify wp-embed-aspect-21-9 wp-has-aspect-ratio"><div class="wp-block-embed__wrapper">
<iframe title="Spotify Embed: 260 - O Espiritismo é obra de Jesus - entrevista com Lucas Sampaio" style="border-radius: 12px" width="100%" height="152" frameborder="0" allowfullscreen allow="autoplay; clipboard-write; encrypted-media; fullscreen; picture-in-picture" loading="lazy" src="https://open.spotify.com/embed/episode/60uSDneOjuDFoVvbha5RQr?si=hXMVhJOhROCORxd71lzVVA&amp;utm_source=oembed"></iframe>
</div></figure>

<p>Novo episódio no ar! Poucos pesquisadores se dedicam tão profundamente ao resgate da teoria original de Allan Kardec quanto Lucas Sampaio — advogado, escritor, pesquisador espírita e coautor de obras que vêm transformando a forma como entendemos a Doutrina. Depois de contribuir para a recuperação histórica de O Céu e o Inferno (1865), trazendo à [&hellip;]</p>
