{"id":10091,"date":"2025-11-12T10:37:52","date_gmt":"2025-11-12T13:37:52","guid":{"rendered":"https:\/\/folhaespirita.com.br.br\/?p=1744"},"modified":"2026-01-17T16:44:42","modified_gmt":"2026-01-17T19:44:42","slug":"256-nova-geracao-da-ame-brasil-entrevista-com-dr-fabio-nasri","status":"publish","type":"publicacao","link":"https:\/\/folhaespirita.com.br\/fr\/publicacao\/256-nova-geracao-da-ame-brasil-entrevista-com-dr-fabio-nasri\/","title":{"rendered":"256 - Nouvelle g\u00e9n\u00e9ration de l'AME au Br\u00e9sil - Entretien avec le Dr F\u00e1bio Nasri"},"content":{"rendered":"<p>O novo epis\u00f3dio do Podcast da Folha Espirita j\u00e1 est\u00e1 no ar!<\/p>\n\n\n\n<p>Nesse programa, recebemos o Dr. F\u00e1bio Nasri, m\u00e9dico geriatra e endocrinologista \u2014 novo presidente da Associa\u00e7\u00e3o M\u00e9dico-Esp\u00edrita (AME) do Brasil.<\/p>\n\n\n\n<p>Nasri compartilha sua vis\u00e3o para um projeto mais acess\u00edvel e integrado, destacando o fortalecimento da rede de AMEs em todo o pa\u00eds, a renova\u00e7\u00e3o editorial e a import\u00e2ncia de uma medicina espiritualizada que integre ci\u00eancia e espiritualidade.<\/p>\n\n\n\n<p>Uma conversa inspiradora sobre o futuro de uma das institui\u00e7\u00f5es mais respeitadas do movimento esp\u00edrita brasileiro. Voc\u00ea n\u00e3o pode perder, hein?!<\/p>\n\n\n\n<figure class=\"wp-block-embed is-type-rich is-provider-spotify wp-block-embed-spotify wp-embed-aspect-21-9 wp-has-aspect-ratio\"><div class=\"wp-block-embed__wrapper\">\n<iframe title=\"Spotify Embed: 256 - Nova Gera\u00e7\u00e3o da Ame-Brasil - entrevista com dr. F\u00e1bio Nasri\" style=\"border-radius: 12px\" width=\"100%\" height=\"152\" frameborder=\"0\" allowfullscreen allow=\"autoplay; clipboard-write; encrypted-media; fullscreen; picture-in-picture\" loading=\"lazy\" src=\"https:\/\/open.spotify.com\/embed\/episode\/5zkAQoS2xuR9JT0vvBAL1D?si=V3JToUgQT4-DVA65UV6KSw&amp;utm_source=oembed\"><\/iframe>\n<\/div><\/figure>","protected":false},"excerpt":{"rendered":"<p>O novo epis\u00f3dio do Podcast da Folha Espirita j\u00e1 est\u00e1 no ar! Nesse programa, recebemos o Dr. F\u00e1bio Nasri, m\u00e9dico geriatra e endocrinologista \u2014 novo presidente da Associa\u00e7\u00e3o M\u00e9dico-Esp\u00edrita (AME) do Brasil. Nasri compartilha sua vis\u00e3o para um projeto mais acess\u00edvel e integrado, destacando o fortalecimento da rede de AMEs em todo o pa\u00eds, a [&hellip;]<\/p>\n","protected":false},"author":41,"featured_media":9921,"comment_status":"open","ping_status":"open","template":"","meta":{"_acf_changed":false,"footnotes":""},"categoria-da-publicacao":[748],"tag-da-publicacao":[],"class_list":["post-10091","publicacao","type-publicacao","status-publish","has-post-thumbnail","hentry","categoria-da-publicacao-podcasts"],"acf":[],"_links":{"self":[{"href":"https:\/\/folhaespirita.com.br\/fr\/wp-json\/wp\/v2\/publicacao\/10091","targetHints":{"allow":["GET"]}}],"collection":[{"href":"https:\/\/folhaespirita.com.br\/fr\/wp-json\/wp\/v2\/publicacao"}],"about":[{"href":"https:\/\/folhaespirita.com.br\/fr\/wp-json\/wp\/v2\/types\/publicacao"}],"author":[{"embeddable":true,"href":"https:\/\/folhaespirita.com.br\/fr\/wp-json\/wp\/v2\/users\/41"}],"replies":[{"embeddable":true,"href":"https:\/\/folhaespirita.com.br\/fr\/wp-json\/wp\/v2\/comments?post=10091"}],"version-history":[{"count":1,"href":"https:\/\/folhaespirita.com.br\/fr\/wp-json\/wp\/v2\/publicacao\/10091\/revisions"}],"predecessor-version":[{"id":11650,"href":"https:\/\/folhaespirita.com.br\/fr\/wp-json\/wp\/v2\/publicacao\/10091\/revisions\/11650"}],"wp:featuredmedia":[{"embeddable":true,"href":"https:\/\/folhaespirita.com.br\/fr\/wp-json\/wp\/v2\/media\/9921"}],"wp:attachment":[{"href":"https:\/\/folhaespirita.com.br\/fr\/wp-json\/wp\/v2\/media?parent=10091"}],"wp:term":[{"taxonomy":"categoria-da-publicacao","embeddable":true,"href":"https:\/\/folhaespirita.com.br\/fr\/wp-json\/wp\/v2\/categoria-da-publicacao?post=10091"},{"taxonomy":"tag-da-publicacao","embeddable":true,"href":"https:\/\/folhaespirita.com.br\/fr\/wp-json\/wp\/v2\/tag-da-publicacao?post=10091"}],"curies":[{"name":"wp","href":"https:\/\/api.w.org\/{rel}","templated":true}]}}

256 - Nouvelle génération de l'AME au Brésil - Entretien avec le Dr Fábio Nasri

<p>O novo episódio do Podcast da Folha Espirita já está no ar!</p>



<p>Nesse programa, recebemos o Dr. Fábio Nasri, médico geriatra e endocrinologista — novo presidente da Associação Médico-Espírita (AME) do Brasil.</p>



<p>Nasri compartilha sua visão para um projeto mais acessível e integrado, destacando o fortalecimento da rede de AMEs em todo o país, a renovação editorial e a importância de uma medicina espiritualizada que integre ciência e espiritualidade.</p>



<p>Uma conversa inspiradora sobre o futuro de uma das instituições mais respeitadas do movimento espírita brasileiro. Você não pode perder, hein?!</p>



<figure class="wp-block-embed is-type-rich is-provider-spotify wp-block-embed-spotify wp-embed-aspect-21-9 wp-has-aspect-ratio"><div class="wp-block-embed__wrapper">
<iframe title="Spotify Embed: 256 - Nova Geração da Ame-Brasil - entrevista com dr. Fábio Nasri" style="border-radius: 12px" width="100%" height="152" frameborder="0" allowfullscreen allow="autoplay; clipboard-write; encrypted-media; fullscreen; picture-in-picture" loading="lazy" src="https://open.spotify.com/embed/episode/5zkAQoS2xuR9JT0vvBAL1D?si=V3JToUgQT4-DVA65UV6KSw&amp;utm_source=oembed"></iframe>
</div></figure>

<p>O novo episódio do Podcast da Folha Espirita já está no ar! Nesse programa, recebemos o Dr. Fábio Nasri, médico geriatra e endocrinologista — novo presidente da Associação Médico-Espírita (AME) do Brasil. Nasri compartilha sua visão para um projeto mais acessível e integrado, destacando o fortalecimento da rede de AMEs em todo o país, a [&hellip;]</p>
